51
Let m(t) = t**2 + 6*t + 8. Determine m(0).
8
Let p(j) = -7*j**3 - 3*j - 7. Calculate p(3).
-205
Let z(q) = 3*q**3 + 225*q**2 + 223*q + 143. Give z(-74).
69
Let r(p) = 2673*p + 2652. Determine r(-1).
-21
Let p(y) = -28*y**2 + 848*y - 233. Give p(30).
7
Let b(v) = -39*v + 418. Determine b(15).
-167
Let w(g) = g**2 + 65*g + 460. Determine w(-57).
4
Let t(f) = -1408*f + 29572. Give t(21).
4
Let h(s) = 4*s**3 - 2*s**2 + 25*s + 25. Calculate h(-1).
-6
Let b(d) = -d**3 + 4*d**2 - 47*d + 6. Calculate b(5).
-254
Let s(m) = m**2 + 78*m + 1122. Give s(-20).
-38
Let f(w) = w + 33. Give f(-20).
13
Let t(w) = w**3 - 21*w**2 + 19*w - 29. Give t(20).
-49
Let y(u) = -u**3 - 20*u**2 - 9*u + 27. What is y(-20)?
207
Let j(z) = -9*z**2 - 127*z + 2. Determine j(-14).
16
Let l(a) = 7*a**2 + 75*a + 341. Give l(-5).
141
Let r(h) = -3*h**2 - 8*h + 7. What is r(-4)?
-9
Let g(v) = -v**2 - 10*v + 2. Calculate g(-10).
2
Let s(a) = a**3 - 41*a**2 - 44*a + 122. Calculate s(42).
38
Let b(n) = -n**2 + 61*n - 912. Determine b(30).
18
Let p(n) = -n**2 - 1038*n - 8300. Give p(-8).
-60
Let h(a) = a**2 - 33*a + 193. Give h(15).
-77
Let x(n) = 14*n**2 + 491*n + 21. What is x(-35)?
-14
Let n(b) = 4*b**2 - 154*b + 799. Calculate n(5).
129
Let d(l) = -l**2 + 856*l - 4208. Give d(5).
47
Let v(x) = -x**3 + 7*x**2 - 3*x + 185. Determine v(9).
-4
Let v(w) = -2*w**3 + 3*w**2 + 7*w - 4. Calculate v(-2).
10
Let s(h) = -h**3 + 17*h**2 - 28*h + 146. Determine s(16).
-46
Let h(n) = n**2 + 446*n + 3043. What is h(-7)?
-30
Let u(l) = -7*l**3 - 92*l**2 - 39*l - 311. Determine u(-13).
27
Let l(z) = 100*z - 9308. Calculate l(93).
-8
Let b(c) = -30*c + 36. Determine b(7).
-174
Let m(a) = -7*a - 74. Determine m(28).
-270
Let q(w) = w**2 - 35*w - 1678. Calculate q(62).
-4
Let s(j) = -j**2 - 216*j - 11196. Calculate s(-130).
-16
Let x(b) = -b**3 + b**2 - 96*b + 293. Give x(3).
-13
Let u(y) = -829*y - 7461. Give u(-9).
0
Let u(y) = y**2 + 25*y + 6. Calculate u(-3).
-60
Let j(a) = a**2 + 38*a - 791. What is j(-53)?
4
Let q(y) = 28*y**2 - 15*y + 78. Give q(4).
466
Let i(n) = -37*n + 61. What is i(-5)?
246
Let a(z) = 3*z**2 + 62*z + 92. Calculate a(-17).
-95
Let d(t) = 149*t + 1270. Determine d(-9).
-71
Let c(a) = a**2 - 34*a + 66. Give c(32).
2
Let d(h) = 8*h**2 + 87*h + 76. What is d(-11)?
87
Let u(f) = 2*f**3 - 10*f**2 + 36*f - 182. Give u(5).
-2
Let h(p) = -36*p + 280. Determine h(11).
-116
Let f(t) = 7*t - 494. What is f(72)?
10
Let x(o) = o**3 - 103*o**2 - 99*o - 507. Determine x(104).
13
Let m(z) = -z**2 - 46*z + 1136. Calculate m(20).
-184
Let z(b) = -b**3 - 7*b**2 + 83*b + 123. What is z(7)?
18
Let d(o) = 14*o - 104. Determine d(0).
-104
Let j(w) = 1008*w - 38286. Give j(38).
18
Let l(o) = -2*o**2 - 20*o + 39. What is l(-18)?
-249
Let g(k) = k**2 + 50*k + 441. Determine g(-37).
-40
Let b(s) = -59*s - 56. Determine b(-1).
3
Let a(l) = -l**3 + 8*l**2 + 10*l - 11. Calculate a(9).
-2
Let a(q) = -2*q**3 + 301*q**2 + 453*q + 454. What is a(152)?
-2
Let d(f) = f**3 + 69*f**2 + 193*f - 198. Determine d(-66).
132
Let r(i) = -i**3 + 22*i**2 + 69*i + 129. Determine r(25).
-21
Let y(u) = -13*u**2 - 113*u + 65. Determine y(-9).
29
Let w(u) = 133*u + 2769. Determine w(-21).
-24
Let c(f) = 557*f + 1673. Give c(-3).
2
Let x(i) = -2*i**3 - 28*i**2 - 3*i + 29. What is x(-14)?
71
Let u(k) = k**3 + 77*k**2 - 76*k + 40. Give u(-78).
-116
Let q(r) = -198*r + 197. Give q(1).
-1
Let h(d) = -2*d**3 - 14*d**2 + 28*d - 1. Calculate h(2).
-17
Let y(o) = 225*o + 21. Determine y(-1).
-204
Let q(z) = -z**2 - 5542*z + 27728. Calculate q(5).
-7
Let m(y) = 12*y**3 + 10*y + 14. Calculate m(-1).
-8
Let m(f) = -3*f + 84. Calculate m(23).
15
Let y(o) = 13*o**2 - 14*o - 26. Give y(-2).
54
Let c(z) = -2*z**3 + 40*z**2 - 39*z - 6. Calculate c(19).
-25
Let w(i) = -i**3 - 3*i**2 - 4*i - 13. Calculate w(4).
-141
Let t(b) = -b**2 + 537*b - 9344. Calculate t(18).
-2
Let g(h) = 2929*h + 181594. Determine g(-62).
-4
Let s(w) = 2*w**3 + 10*w**2 + 186*w + 712. Determine s(-4).
0
Let b(z) = z**3 + 10*z**2 - 310*z + 2763. What is b(-26)?
7
Let l(a) = -2*a**2 - 42*a - 177. Calculate l(-6).
3
Let k(z) = -z**3 - 15*z**2 - 32*z - 4. Calculate k(-11).
-136
Let f(i) = -37*i**2 + 237*i - 10. Give f(6).
80
Let q(i) = -13*i**3 - 4*i**2 + 3*i + 4. Give q(-1).
10
Let k(v) = v**3 + 5*v**2 - 5. Calculate k(-11).
-731
Let m(j) = 9*j**3 - 2*j**2 - 13*j + 50. Calculate m(3).
236
Let d(m) = -31*m**2 + m - 2. What is d(1)?
-32
Let z(v) = -2*v**3 + 120*v**2 - 230*v - 216. Determine z(58).
-100
Let s(z) = -z**3 + 29*z**2 + 96*z + 50. Give s(32).
50
Let r(g) = 14*g**2 + 124*g - 238. Calculate r(2).
66
Let d(j) = -384*j - 31880. Calculate d(-83).
-8
Let v(j) = -1048*j - 5247. Calculate v(-5).
-7
Let l(t) = -t**2 - 39*t + 86. What is l(-46)?
-236
Let r(g) = g**3 + 6*g**2 - 22*g + 24. Determine r(-9).
-21
Let n(a) = 13*a**2 - 378*a + 41. What is n(29)?
12
Let u(m) = -324*m + 15561. Give u(48).
9
Let l(s) = -29*s**2 - 179*s - 29. Determine l(-6).
1
Let h(c) = 2*c**2 + 36*c + 99. Give h(-16).
35
Let t(p) = -p**3 + 81*p**2 - 1636*p + 88. Give t(43).
2
Let g(b) = -b**3 - 78*b**2 - 2*b - 228. Determine g(-78).
-72
Let v(g) = 2*g**2 + 30*g - 29. What is v(-17)?
39
Let k(c) = 68*c - 361. Calculate k(6).
47
Let j(g) = g**3 - 15*g**2 - 4*g - 220. Calculate j(16).
-28
Let l(b) = 923*b + 8209. Determine l(-9).
-98
Let m(h) = 27*h**2 - 63*h - 53. Determine m(3).
1
Let t(r) = -5*r**2 - 322*r + 4853. Determine t(-77).
2
Let k(o) = -o**3 - 49*o**2 + 48*o - 101. Give k(-50).
-1
Let v(i) = 815*i - 16273. Give v(20).
27
Let m(d) = 103*d + 88. Determine m(-2).
-118
Let p(l) = -l**2 + 57*l + 862. What is p(71)?
-132
Let h(s) = 4*s**3 - 371*s**2 - 92*s - 60. What is h(93)?
33
Let j(l) = -l**2 + 24*l - 136. Give j(9).
-1
Let z(j) = -2*j**3 + 11*j**2 + 7*j + 7. Give z(-4).
283
Let d(q) = -q**3 - 2*q**2 + 7*q + 19. What is d(-5)?
59
Let c(h) = h**3 + 92*h**2 + 1754*h + 1. Calculate c(-27).
28
Let y(g) = g**3 + 10*g**2 - g - 77. What is y(-6)?
73
Let w(k) = -k**3 + 64*k**2 - 247*k + 445. What is w(60)?
25
Let t(f) = f**2 - 45*f - 425. What is t(55)?
125
Let n(j) = 1420*j - 2831. Give n(2).
9
Let h(s) = -s**3 - 93*s**2 + 6*s + 574. Determine h(-93).
16
Let x(l) = 6*l**2 + 5*l - 18. What is x(3)?
51
Let p(b) = -13*b + 47. What is p(9)?
-70
Let c(o) = -o**2 - 50*o + 237. Determine c(5).
-38
Let h(x) = 86*x - 1950. Give h(22).
-58
Let h(k) = -5*k**2 - 16*k - 29. What is h(-2)?
-17
Let l(u) = -3*u**3 + 105*u**2 + 306*u - 10704. What is l(35)?
6
Let x(l) = -12*l + 796. What is x(58)?
100
Let q(d) = d**3 - 5*d**2 + 213*d - 1311. Calculate q(6).
3
Let a(k) = -k**2 - 75*k - 787. What is a(0)?
-787
Let x(y) = -y**3 + 40*y**2 + 76*y - 4423. What is x(39)?
62
Let c(p) = 15*p - 270. What is c(19)?
15
Let l(a) = -a**2 + 30*a + 334. Determine l(-12).
-170
Let m(k) = -28*k + 97. What is m(-4)?
209
Let m(g) = -843*g - 3361. Give m(-4).
11
Let k(x) = 81*x + 221. Determine k(-3).
-22
Let m(s) = 255*s + 3563. What is m(-10)?
1013
Let d(b) = b**3 + 10*b**2 + 3*b + 23. Calculate d(-9).
77
Let l(y) = -85*y + 2043. Determine l(24).
3
Let f(b) = -b**3 + 47*b**2 + 89*b + 441. What is f(49)?
0
Let y(j) = 2*j**2 + 291*j + 1679. Determine y(-6).
5
Let l(k) = -k**2 + 95*k - 149. Calculate l(0).
-149
Let c(m) = m**2 + 26*m - 994. Calculate c(-49).
133
Let p(g) = 258*g - 15715. Determine p(61).
23
Let r(s) = -18*s**2 - 539*s + 593. What is r(-31)?
4
Let n(x) = -x**3 + 5*x**2 + 11*x + 4. What is n(-4)?
104
Let r(a) = 7*a**2 + 375*a + 746. Give r(-2).
24
Let b(t) = -t**2 - 88*t - 1216. Determine b(-18).
44
Let n(o) = 56*o - 636. Determine n(11).
-20
Let n(h) = h**2 - 248*h + 1960. Give n(8).
40
Let l(a) = 3*a**3 + 267*a**2 + 7*a + 571. Give l(-89).
-52
Let f(v) = 14*v**2 + 303*v + 1612. Give f(-12).
-8
Let b(h) = -58*h**3 - 2*h**2 + 2*h + 3. Give b(-1).
57
Let q(h) = 417*h + 5828. Give q(-14).
-10
Let h(z) = 4*z**2 - 450*z - 2599. Give h(118).
-3
Let x(w) = w**2 - 17*w - 522. Calculate x(38).
276
Let m(l) = 85*l - 357. What is m(5)?
68
Let w(d) = -13*d + 116. Determine w(10).
-14
Let z(j) = -14*j**2 + 367*j - 79. Determine z(26).
-1
Let f(q) = 111*q + 612. Give f(-5).
57
Let q(t) = -6*t + 60. Calculate q(9).
6
Let d(p) = -152*p - 292. Calculate d(-2).
12
Let r(f) = f**3 + 11*f**2 + 12*f + 5. What is r(-9)?
59
Let z(f) = -f*